{"id":3053,"date":"2020-05-16T13:08:59","date_gmt":"2020-05-16T11:08:59","guid":{"rendered":"https:\/\/www.zeitpolster.com\/staging\/?page_id=3053"},"modified":"2021-12-02T13:26:39","modified_gmt":"2021-12-02T12:26:39","slug":"newsletter","status":"publish","type":"page","link":"https:\/\/www.zeitpolster.com\/staging\/newsletter\/","title":{"rendered":"Newsletter"},"content":{"rendered":"\n<section class=\"wp-block-uagb-section uagb-section__wrap uagb-section__background-image uagb-block-31bddcea\" id=\"uagb-section-f6f46b40-1768-4cd8-882d-96b9947c15a8\"><div class=\"uagb-section__overlay\"><\/div><div class=\"uagb-section__inner-wrap\">\n<div class=\"wp-block-uagb-advanced-heading uagb-block-3f213985\" id=\"uagb-adv-heading-571377e8-3788-4a13-bca4-a54ef86be58d\"><h1 class=\"uagb-heading-text\">Newsletter abonnieren<\/h1><p class=\"uagb-desc-text\"><\/p><\/div>\n<\/div><\/section>\n\n\n\n<section class=\"wp-block-uagb-columns uagb-columns__wrap uagb-columns__background-undefined uagb-columns__stack-mobile uagb-columns__valign-undefined uagb-columns__gap-10 alignfull uagb-block-f8e9203e\" id=\"uagb-columns-7f527ba9-eaca-4a38-b74e-b41fc5d984bc\"><div class=\"uagb-columns__overlay\"><\/div><div class=\"uagb-columns__inner-wrap uagb-columns__columns-3\">\n<div class=\"wp-block-uagb-column uagb-column__wrap uagb-column__background-undefined uagb-block-1eaaa811\"><div class=\"uagb-column__overlay\"><\/div><div class=\"uagb-column__inner-wrap\">\n<p><\/p>\n<\/div><\/div>\n\n\n\n<div class=\"wp-block-uagb-column uagb-column__wrap uagb-column__background-undefined uagb-block-070b53e4\"><div class=\"uagb-column__overlay\"><\/div><div class=\"uagb-column__inner-wrap\">\n<div style=\"height:20px\" aria-hidden=\"true\" class=\"wp-block-spacer\"><\/div>\n\n\n\n<div class=\"wp-block-uagb-advanced-heading uagb-block-c44cd298\" id=\"uagb-adv-heading-2cba6597-206f-46bc-ba06-7de55647fc5b\"><h2 class=\"uagb-heading-text\">Newsletter abonnieren<\/h2><p class=\"uagb-desc-text\"><\/p><\/div>\n\n\n\n<div style=\"height:50px\" aria-hidden=\"true\" class=\"wp-block-spacer\"><\/div>\n\n\n\n<div class=\"wp-block-uagb-buttons uagb-buttons__outer-wrap uagb-block-7edb8277\" id=\"uagb-buttons-a72396b5-9027-45d9-b645-245cfdc6accd\"><div class=\"uagb-buttons__wrap uagb-buttons-layout-wrap\">\n<div class=\"wp-block-uagb-buttons-child uagb-buttons__outer-wrap uagb-block-df871885\"><div class=\"uagb-button__wrapper\"><a class=\"uagb-buttons-repeater\" href=\"https:\/\/intern.zeitpolster.com\/#users.users.public-group-selection%7Cusers.users.public-registration!groupId=4088776093626235460\" rel=\"noopener noreferrer\" target=\"_blank\"><div class=\"uagb-button__link\">Registreren zur Betreuungsanfrage <\/div><\/a><\/div><\/div>\n<\/div><\/div>\n<\/div><\/div>\n\n\n\n<div class=\"wp-block-uagb-column uagb-column__wrap uagb-column__background-image uagb-block-40f25323\"><div class=\"uagb-column__overlay\"><\/div><div class=\"uagb-column__inner-wrap\"><script>(function() {\n\twindow.mc4wp = window.mc4wp || {\n\t\tlisteners: [],\n\t\tforms: {\n\t\t\ton: function(evt, cb) {\n\t\t\t\twindow.mc4wp.listeners.push(\n\t\t\t\t\t{\n\t\t\t\t\t\tevent   : evt,\n\t\t\t\t\t\tcallback: cb\n\t\t\t\t\t}\n\t\t\t\t);\n\t\t\t}\n\t\t}\n\t}\n})();\n<\/script><!-- Mailchimp for WordPress v4.10.9 - https:\/\/wordpress.org\/plugins\/mailchimp-for-wp\/ --><form id=\"mc4wp-form-1\" class=\"mc4wp-form mc4wp-form-2324\" method=\"post\" data-id=\"2324\" data-name=\"newsletter\" ><div class=\"mc4wp-form-fields\"><p>\r\n    <label>Vorname<\/label>\r\n    <input type=\"text\" name=\"FNAME\" placeholder=\"Ihr Vorname\">\r\n<\/p>\r\n<p>\r\n    <label>Name<\/label>\r\n    <input type=\"text\" name=\"LNAME\" placeholder=\"Ihr Nachname\">\r\n<\/p>\r\n<p>\r\n    <label>Bundesland<\/label>\r\n    <input type=\"text\" name=\"MMERGE3\" placeholder=\"Ihr Bundesland\">\r\n<\/p>\r\n<p>\r\n    <label>Postleitzahl<\/label>\r\n    <input type=\"text\" name=\"MMERGE4\" placeholder=\"Ihre Postleitzahl\">\r\n<\/p>\r\n<label>E-Mail Adresse*: \r\n<input type=\"email\" name=\"EMAIL\" placeholder=\"Ihre E-Mail Adresse\" required \/>\r\n<\/label>\r\n<p style=\"margin-top:10px;\">\r\n<label>\r\n<input name=\"AGREE_TO_TERMS\" type=\"checkbox\" value=\"1\" required=\"\"> <a href=\"https:\/\/www.zeitpolster.com\/staging\/impressum\/\" target=\"_blank\">Ich habe die Datenschutzbestimmungen gelesen.*<\/a>\r\n<\/label>  \r\n<\/p>\r\n<p>\r\n  *Pflichtfelder\r\n<\/p>\r\n<p style=\"margin-top:10px;\">\r\n  <input type=\"submit\" value=\"Newsletter abonnieren\" \/>\r\n<\/p><\/div><label style=\"display: none !important;\">Wenn du ein Mensch bist, lasse das Feld leer: <input type=\"text\" name=\"_mc4wp_honeypot\" value=\"\" tabindex=\"-1\" autocomplete=\"off\" \/><\/label><input type=\"hidden\" name=\"_mc4wp_timestamp\" value=\"1775884899\" \/><input type=\"hidden\" name=\"_mc4wp_form_id\" value=\"2324\" \/><input type=\"hidden\" name=\"_mc4wp_form_element_id\" value=\"mc4wp-form-1\" \/><div class=\"mc4wp-response\"><\/div><\/form><!-- \/ Mailchimp for WordPress Plugin -->\n<\/div><\/div>\n<\/div><\/section>\n\n\n\n<section class=\"wp-block-uagb-section uagb-section__wrap uagb-section__background-color uagb-block-00b2a8e5\" id=\"uagb-section-e3c9cb62-2112-4898-8995-fe5ea23f83e2\"><div class=\"uagb-section__overlay\"><\/div><div class=\"uagb-section__inner-wrap\">\n<div class=\"wp-block-uagb-icon-list uagb-icon-list__outer-wrap uagb-icon-list__layout-horizontal uagb-icon-list__no-label\" id=\"uagb-icon-list-d263384b-acfb-4730-a865-13db5b133a25\"><div class=\"uagb-icon-list__wrap\"><a class=\"uagb-icon-list-repeater-0 uagb-icon-list__wrapper\" target=\"_blank\" rel=\"noopener noreferrer\" href=\"void(0);\"><div class=\"uagb-icon-list__content-wrap\"><span class=\"uagb-icon-list__source-wrap\"><span class=\"uagb-icon-list__source-icon\"><svg xmlns=\"http:\/\/www.w3.org\/2000\/svg\" viewbox=\"0 0 512 512\"><path d=\"M493.4 24.6l-104-24c-11.3-2.6-22.9 3.3-27.5 13.9l-48 112c-4.2 9.8-1.4 21.3 6.9 28l60.6 49.6c-36 76.7-98.9 140.5-177.2 177.2l-49.6-60.6c-6.8-8.3-18.2-11.1-28-6.9l-112 48C3.9 366.5-2 378.1.6 389.4l24 104C27.1 504.2 36.7 512 48 512c256.1 0 464-207.5 464-464 0-11.2-7.7-20.9-18.6-23.4z\"><\/path><\/svg><\/span><\/span><\/div><\/a><\/div><\/div>\n\n\n\n<div style=\"height:50px\" aria-hidden=\"true\" class=\"wp-block-spacer\"><\/div>\n\n\n\n<div style=\"text-align:center;\"><a href=\"tel:+43 664 8872 0770\"><h1>0043 664 8872 0770<\/h1><\/a><\/div>\n\n\n\n<div class=\"wp-block-uagb-advanced-heading uagb-block-739f0a2b\" id=\"uagb-adv-heading-6f07f0f7-c4aa-4863-9dbb-30a28eaacfd3\"><h2 class=\"uagb-heading-text\">Serviceline: Mo-Fr 9 bis 12 Uhr <\/h2><p class=\"uagb-desc-text\"><\/p><\/div>\n<\/div><\/section>\n\n\n\n<section class=\"wp-block-uagb-section uagb-section__wrap uagb-section__background-color uagb-block-786997b2\" id=\"uagb-section-75ec1069-3ccf-46b8-80a0-afbbf0c4bcf2\"><div class=\"uagb-section__overlay\"><\/div><div class=\"uagb-section__inner-wrap\">\n<section class=\"wp-block-uagb-columns uagb-columns__wrap uagb-columns__background-undefined uagb-columns__stack-mobile uagb-columns__valign-undefined uagb-columns__gap-10 alignundefined uagb-block-f819b016\" id=\"uagb-columns-482a3850-2610-418d-9b6e-77a654275e96\"><div class=\"uagb-columns__overlay\"><\/div><div class=\"uagb-columns__inner-wrap uagb-columns__columns-3\">\n<div class=\"wp-block-uagb-column uagb-column__wrap uagb-column__background-undefined uagb-block-36b41e51\"><div class=\"uagb-column__overlay\"><\/div><div class=\"uagb-column__inner-wrap\"><\/div><\/div>\n\n\n\n<div class=\"wp-block-uagb-column uagb-column__wrap uagb-column__background-undefined uagb-block-6c511a0c\"><div class=\"uagb-column__overlay\"><\/div><div class=\"uagb-column__inner-wrap\">\n<div class=\"wp-block-uagb-advanced-heading uagb-block-39fa1fe9\" id=\"uagb-adv-heading-cb39f699-c1df-4f0d-a813-85de8062eef3\"><h1 class=\"uagb-heading-text\">Lust auf mehr?<\/h1><p class=\"uagb-desc-text\"><\/p><\/div>\n\n\n\n<div style=\"height:50px\" aria-hidden=\"true\" class=\"wp-block-spacer\"><\/div>\n\n\n\n<p class=\"has-text-align-center has-text-color\" style=\"color:#ffffff;font-size:22px\"> Zeitpolster in meiner Region aufbauen<br>und weiterbringen<\/p>\n\n\n\n<div style=\"height:20px\" aria-hidden=\"true\" class=\"wp-block-spacer\"><\/div>\n\n\n\n<div class=\"wp-block-uagb-buttons uagb-buttons__outer-wrap uagb-block-02ccfe33\" id=\"uagb-buttons-0794f320-f34a-47bc-b547-04e76837a038\"><div class=\"uagb-buttons__wrap uagb-buttons-layout-wrap\">\n<div class=\"wp-block-uagb-buttons-child uagb-buttons__outer-wrap uagb-block-ef1ce9df\"><div class=\"uagb-button__wrapper\"><a class=\"uagb-buttons-repeater\" href=\"https:\/\/www.zeitpolster.com\/staging\/kontakt\/\" rel=\"noopener noreferrer\" target=\"_self\"><div class=\"uagb-button__link\">Kontakt<\/div><\/a><\/div><\/div>\n<\/div><\/div>\n<\/div><\/div>\n\n\n\n<div class=\"wp-block-uagb-column uagb-column__wrap uagb-column__background-undefined uagb-block-af3d7e42\"><div class=\"uagb-column__overlay\"><\/div><div class=\"uagb-column__inner-wrap\"><\/div><\/div>\n<\/div><\/section>\n<\/div><\/section>\n\n\n\n<section class=\"wp-block-uagb-columns uagb-columns__wrap uagb-columns__background-none uagb-columns__stack-mobile uagb-columns__valign-undefined uagb-columns__gap-10 alignundefined uagb-block-8ac56fc7\" id=\"uagb-columns-c343fb1b-b020-4cbf-a06e-bb84be576f28\"><div class=\"uagb-columns__overlay\"><\/div><div class=\"uagb-columns__inner-wrap uagb-columns__columns-3\">\n<div class=\"wp-block-uagb-column uagb-column__wrap uagb-column__background-undefined uagb-block-ba525af6\"><div class=\"uagb-column__overlay\"><\/div><div class=\"uagb-column__inner-wrap\">\n<p><\/p>\n<\/div><\/div>\n\n\n\n<div class=\"wp-block-uagb-column uagb-column__wrap uagb-column__background-undefined uagb-block-c1bf2557\"><div class=\"uagb-column__overlay\"><\/div><div class=\"uagb-column__inner-wrap\">\n<div class=\"wp-block-image\"><figure class=\"aligncenter\"><img loading=\"lazy\" decoding=\"async\" width=\"361\" height=\"192\" src=\"https:\/\/www.zeitpolster.com\/staging\/wp-content\/uploads\/sites\/14\/2019\/10\/logo_green-2.png\" alt=\"\" class=\"wp-image-32\" srcset=\"https:\/\/www.zeitpolster.com\/staging\/wp-content\/uploads\/sites\/14\/2019\/10\/logo_green-2.png 361w, https:\/\/www.zeitpolster.com\/staging\/wp-content\/uploads\/sites\/14\/2019\/10\/logo_green-2-300x160.png 300w, https:\/\/www.zeitpolster.com\/staging\/wp-content\/uploads\/sites\/14\/2019\/10\/logo_green-2-140x74.png 140w\" sizes=\"auto, (max-width: 361px) 100vw, 361px\" \/><\/figure><\/div>\n\n\n\n<p class=\"has-text-align-center\" style=\"font-size:22px\">Die Zeits\u00e4ule f\u00fcr die Altersvorsorge<\/p>\n\n\n\n<div style=\"height:20px\" aria-hidden=\"true\" class=\"wp-block-spacer\"><\/div>\n\n\n\n<div class=\"wp-block-uagb-icon-list uagb-icon-list__outer-wrap uagb-icon-list__layout-horizontal uagb-icon-list__no-label uagb-block-80e296a8\" id=\"uagb-icon-list-dfbd1f4b-65e7-4380-9bd7-39cd3df8dc19\"><div class=\"uagb-icon-list__wrap\">\n<div class=\"wp-block-uagb-icon-list-child uagb-icon-list-repeater uagb-icon-list__wrapper uagb-block-a0effb85-25c4-43d9-9458-9f11cae545f0\"><a target=\"_blank\" rel=\"noopener noreferrer\" href=\"https:\/\/de-de.facebook.com\/zeitpolster\/\"><\/a><div class=\"uagb-icon-list__content-wrap\"><span class=\"uagb-icon-list__source-wrap\"><span class=\"uagb-icon-list__source-icon\"><svg xmlns=\"http:\/\/www.w3.org\/2000\/svg\" viewbox=\"0 0 264 512\"><path d=\"M76.7 512V283H0v-91h76.7v-71.7C76.7 42.4 124.3 0 193.8 0c33.3 0 61.9 2.5 70.2 3.6V85h-48.2c-37.8 0-45.1 18-45.1 44.3V192H256l-11.7 91h-73.6v229\"><\/path><\/svg><\/span><\/span><\/div><\/div>\n\n\n\n<div class=\"wp-block-uagb-icon-list-child uagb-icon-list-repeater uagb-icon-list__wrapper uagb-block-3c2a3bdd\"><div class=\"uagb-icon-list__content-wrap\"><span class=\"uagb-icon-list__source-wrap\"><span class=\"uagb-icon-list__source-icon\"><svg xmlns=\"http:\/\/www.w3.org\/2000\/svg\" viewbox=\"0 0 512 512\"><path d=\"M502.3 190.8c3.9-3.1 9.7-.2 9.7 4.7V400c0 26.5-21.5 48-48 48H48c-26.5 0-48-21.5-48-48V195.6c0-5 5.7-7.8 9.7-4.7 22.4 17.4 52.1 39.5 154.1 113.6 21.1 15.4 56.7 47.8 92.2 47.6 35.7.3 72-32.8 92.3-47.6 102-74.1 131.6-96.3 154-113.7zM256 320c23.2.4 56.6-29.2 73.4-41.4 132.7-96.3 142.8-104.7 173.4-128.7 5.8-4.5 9.2-11.5 9.2-18.9v-19c0-26.5-21.5-48-48-48H48C21.5 64 0 85.5 0 112v19c0 7.4 3.4 14.3 9.2 18.9 30.6 23.9 40.7 32.4 173.4 128.7 16.8 12.2 50.2 41.8 73.4 41.4z\"><\/path><\/svg><\/span><\/span><\/div><\/div>\n<\/div><\/div>\n<\/div><\/div>\n\n\n\n<div class=\"wp-block-uagb-column uagb-column__wrap uagb-column__background-undefined uagb-block-8b2665c2\"><div class=\"uagb-column__overlay\"><\/div><div class=\"uagb-column__inner-wrap\">\n<p><\/p>\n<\/div><\/div>\n<\/div><\/section>\n","protected":false},"excerpt":{"rendered":"<p>Newsletter abonnieren Die Zeits\u00e4ule f\u00fcr die Altersvorsorge<\/p>\n","protected":false},"author":1,"featured_media":0,"parent":0,"menu_order":0,"comment_status":"closed","ping_status":"closed","template":"","meta":{"_bbp_topic_count":0,"_bbp_reply_count":0,"_bbp_total_topic_count":0,"_bbp_total_reply_count":0,"_bbp_voice_count":0,"_bbp_anonymous_reply_count":0,"_bbp_topic_count_hidden":0,"_bbp_reply_count_hidden":0,"_bbp_forum_subforum_count":0,"_uag_custom_page_level_css":"","site-sidebar-layout":"no-sidebar","site-content-layout":"page-builder","ast-site-content-layout":"default","site-content-style":"default","site-sidebar-style":"default","ast-global-header-display":"","ast-banner-title-visibility":"","ast-main-header-display":"","ast-hfb-above-header-display":"","ast-hfb-below-header-display":"","ast-hfb-mobile-header-display":"","site-post-title":"disabled","ast-breadcrumbs-content":"","ast-featured-img":"disabled","footer-sml-layout":"","ast-disable-related-posts":"","theme-transparent-header-meta":"disabled","adv-header-id-meta":"","stick-header-meta":"","header-above-stick-meta":"","header-main-stick-meta":"","header-below-stick-meta":"","astra-migrate-meta-layouts":"default","ast-page-background-enabled":"default","ast-page-background-meta":{"desktop":{"background-color":"","background-image":"","background-repeat":"repeat","background-position":"center center","background-size":"auto","background-attachment":"scroll","background-type":"","background-media":"","overlay-type":"","overlay-color":"","overlay-opacity":"","overlay-gradient":""},"tablet":{"background-color":"","background-image":"","background-repeat":"repeat","background-position":"center center","background-size":"auto","background-attachment":"scroll","background-type":"","background-media":"","overlay-type":"","overlay-color":"","overlay-opacity":"","overlay-gradient":""},"mobile":{"background-color":"","background-image":"","background-repeat":"repeat","background-position":"center center","background-size":"auto","background-attachment":"scroll","background-type":"","background-media":"","overlay-type":"","overlay-color":"","overlay-opacity":"","overlay-gradient":""}},"ast-content-background-meta":{"desktop":{"background-color":"var(--ast-global-color-5)","background-image":"","background-repeat":"repeat","background-position":"center center","background-size":"auto","background-attachment":"scroll","background-type":"","background-media":"","overlay-type":"","overlay-color":"","overlay-opacity":"","overlay-gradient":""},"tablet":{"background-color":"var(--ast-global-color-5)","background-image":"","background-repeat":"repeat","background-position":"center center","background-size":"auto","background-attachment":"scroll","background-type":"","background-media":"","overlay-type":"","overlay-color":"","overlay-opacity":"","overlay-gradient":""},"mobile":{"background-color":"var(--ast-global-color-5)","background-image":"","background-repeat":"repeat","background-position":"center center","background-size":"auto","background-attachment":"scroll","background-type":"","background-media":"","overlay-type":"","overlay-color":"","overlay-opacity":"","overlay-gradient":""}},"footnotes":""},"class_list":["post-3053","page","type-page","status-publish","hentry"],"yoast_head":"<!-- This site is optimized with the Yoast SEO plugin v26.7 - https:\/\/yoast.com\/wordpress\/plugins\/seo\/ -->\n<title>Newsletter - Zeitpolster Staging<\/title>\n<meta name=\"description\" content=\"Informieren Sie sich \u00fcber Zeitpolster News: Lesen Sie was aktuell passiert, erfahren Sie etwas \u00fcber Hintergr\u00fcnde. Melden Sie sich gleich an!\" \/>\n<meta name=\"robots\" content=\"noindex, follow, max-snippet:-1, max-image-preview:large, max-video-preview:-1\" \/>\n<meta property=\"og:locale\" content=\"de_DE\" \/>\n<meta property=\"og:type\" content=\"article\" \/>\n<meta property=\"og:title\" content=\"Newsletter - Zeitpolster Staging\" \/>\n<meta property=\"og:description\" content=\"Informieren Sie sich \u00fcber Zeitpolster News: Lesen Sie was aktuell passiert, erfahren Sie etwas \u00fcber Hintergr\u00fcnde. Melden Sie sich gleich an!\" \/>\n<meta property=\"og:url\" content=\"https:\/\/www.zeitpolster.com\/staging\/newsletter\/\" \/>\n<meta property=\"og:site_name\" content=\"Zeitpolster Staging\" \/>\n<meta property=\"article:modified_time\" content=\"2021-12-02T12:26:39+00:00\" \/>\n<meta property=\"og:image\" content=\"https:\/\/www.zeitpolster.com\/staging\/wp-content\/uploads\/sites\/14\/2019\/10\/logo_green-2.png\" \/>\n<meta name=\"twitter:card\" content=\"summary_large_image\" \/>\n<meta name=\"twitter:label1\" content=\"Gesch\u00e4tzte Lesezeit\" \/>\n\t<meta name=\"twitter:data1\" content=\"1\u00a0Minute\" \/>\n<script type=\"application\/ld+json\" class=\"yoast-schema-graph\">{\"@context\":\"https:\/\/schema.org\",\"@graph\":[{\"@type\":\"WebPage\",\"@id\":\"https:\/\/www.zeitpolster.com\/staging\/newsletter\/\",\"url\":\"https:\/\/www.zeitpolster.com\/staging\/newsletter\/\",\"name\":\"Newsletter - Zeitpolster Staging\",\"isPartOf\":{\"@id\":\"https:\/\/www.zeitpolster.com\/staging\/#website\"},\"primaryImageOfPage\":{\"@id\":\"https:\/\/www.zeitpolster.com\/staging\/newsletter\/#primaryimage\"},\"image\":{\"@id\":\"https:\/\/www.zeitpolster.com\/staging\/newsletter\/#primaryimage\"},\"thumbnailUrl\":\"https:\/\/www.zeitpolster.com\/staging\/wp-content\/uploads\/sites\/14\/2019\/10\/logo_green-2.png\",\"datePublished\":\"2020-05-16T11:08:59+00:00\",\"dateModified\":\"2021-12-02T12:26:39+00:00\",\"description\":\"Informieren Sie sich \u00fcber Zeitpolster News: Lesen Sie was aktuell passiert, erfahren Sie etwas \u00fcber Hintergr\u00fcnde. Melden Sie sich gleich an!\",\"breadcrumb\":{\"@id\":\"https:\/\/www.zeitpolster.com\/staging\/newsletter\/#breadcrumb\"},\"inLanguage\":\"de\",\"potentialAction\":[{\"@type\":\"ReadAction\",\"target\":[\"https:\/\/www.zeitpolster.com\/staging\/newsletter\/\"]}]},{\"@type\":\"ImageObject\",\"inLanguage\":\"de\",\"@id\":\"https:\/\/www.zeitpolster.com\/staging\/newsletter\/#primaryimage\",\"url\":\"https:\/\/www.zeitpolster.com\/staging\/wp-content\/uploads\/sites\/14\/2019\/10\/logo_green-2.png\",\"contentUrl\":\"https:\/\/www.zeitpolster.com\/staging\/wp-content\/uploads\/sites\/14\/2019\/10\/logo_green-2.png\",\"width\":361,\"height\":192,\"caption\":\"Logo Zeitpolster\"},{\"@type\":\"BreadcrumbList\",\"@id\":\"https:\/\/www.zeitpolster.com\/staging\/newsletter\/#breadcrumb\",\"itemListElement\":[{\"@type\":\"ListItem\",\"position\":1,\"name\":\"Startseite\",\"item\":\"https:\/\/www.zeitpolster.com\/staging\/\"},{\"@type\":\"ListItem\",\"position\":2,\"name\":\"Newsletter\"}]},{\"@type\":\"WebSite\",\"@id\":\"https:\/\/www.zeitpolster.com\/staging\/#website\",\"url\":\"https:\/\/www.zeitpolster.com\/staging\/\",\"name\":\"Zeitpolster Staging\",\"description\":\"Verein f\u00fcr Zeitvorsorge\",\"publisher\":{\"@id\":\"https:\/\/www.zeitpolster.com\/staging\/#organization\"},\"potentialAction\":[{\"@type\":\"SearchAction\",\"target\":{\"@type\":\"EntryPoint\",\"urlTemplate\":\"https:\/\/www.zeitpolster.com\/staging\/?s={search_term_string}\"},\"query-input\":{\"@type\":\"PropertyValueSpecification\",\"valueRequired\":true,\"valueName\":\"search_term_string\"}}],\"inLanguage\":\"de\"},{\"@type\":\"Organization\",\"@id\":\"https:\/\/www.zeitpolster.com\/staging\/#organization\",\"name\":\"Zeitpolster Staging\",\"url\":\"https:\/\/www.zeitpolster.com\/staging\/\",\"logo\":{\"@type\":\"ImageObject\",\"inLanguage\":\"de\",\"@id\":\"https:\/\/www.zeitpolster.com\/staging\/#\/schema\/logo\/image\/\",\"url\":\"https:\/\/www.zeitpolster.com\/staging\/wp-content\/uploads\/sites\/14\/2019\/10\/logo_green-2.png\",\"contentUrl\":\"https:\/\/www.zeitpolster.com\/staging\/wp-content\/uploads\/sites\/14\/2019\/10\/logo_green-2.png\",\"width\":361,\"height\":192,\"caption\":\"Zeitpolster Staging\"},\"image\":{\"@id\":\"https:\/\/www.zeitpolster.com\/staging\/#\/schema\/logo\/image\/\"}}]}<\/script>\n<!-- \/ Yoast SEO plugin. -->","yoast_head_json":{"title":"Newsletter - Zeitpolster Staging","description":"Informieren Sie sich \u00fcber Zeitpolster News: Lesen Sie was aktuell passiert, erfahren Sie etwas \u00fcber Hintergr\u00fcnde. Melden Sie sich gleich an!","robots":{"index":"noindex","follow":"follow","max-snippet":"max-snippet:-1","max-image-preview":"max-image-preview:large","max-video-preview":"max-video-preview:-1"},"og_locale":"de_DE","og_type":"article","og_title":"Newsletter - Zeitpolster Staging","og_description":"Informieren Sie sich \u00fcber Zeitpolster News: Lesen Sie was aktuell passiert, erfahren Sie etwas \u00fcber Hintergr\u00fcnde. Melden Sie sich gleich an!","og_url":"https:\/\/www.zeitpolster.com\/staging\/newsletter\/","og_site_name":"Zeitpolster Staging","article_modified_time":"2021-12-02T12:26:39+00:00","og_image":[{"url":"https:\/\/www.zeitpolster.com\/staging\/wp-content\/uploads\/sites\/14\/2019\/10\/logo_green-2.png","type":"","width":"","height":""}],"twitter_card":"summary_large_image","twitter_misc":{"Gesch\u00e4tzte Lesezeit":"1\u00a0Minute"},"schema":{"@context":"https:\/\/schema.org","@graph":[{"@type":"WebPage","@id":"https:\/\/www.zeitpolster.com\/staging\/newsletter\/","url":"https:\/\/www.zeitpolster.com\/staging\/newsletter\/","name":"Newsletter - Zeitpolster Staging","isPartOf":{"@id":"https:\/\/www.zeitpolster.com\/staging\/#website"},"primaryImageOfPage":{"@id":"https:\/\/www.zeitpolster.com\/staging\/newsletter\/#primaryimage"},"image":{"@id":"https:\/\/www.zeitpolster.com\/staging\/newsletter\/#primaryimage"},"thumbnailUrl":"https:\/\/www.zeitpolster.com\/staging\/wp-content\/uploads\/sites\/14\/2019\/10\/logo_green-2.png","datePublished":"2020-05-16T11:08:59+00:00","dateModified":"2021-12-02T12:26:39+00:00","description":"Informieren Sie sich \u00fcber Zeitpolster News: Lesen Sie was aktuell passiert, erfahren Sie etwas \u00fcber Hintergr\u00fcnde. Melden Sie sich gleich an!","breadcrumb":{"@id":"https:\/\/www.zeitpolster.com\/staging\/newsletter\/#breadcrumb"},"inLanguage":"de","potentialAction":[{"@type":"ReadAction","target":["https:\/\/www.zeitpolster.com\/staging\/newsletter\/"]}]},{"@type":"ImageObject","inLanguage":"de","@id":"https:\/\/www.zeitpolster.com\/staging\/newsletter\/#primaryimage","url":"https:\/\/www.zeitpolster.com\/staging\/wp-content\/uploads\/sites\/14\/2019\/10\/logo_green-2.png","contentUrl":"https:\/\/www.zeitpolster.com\/staging\/wp-content\/uploads\/sites\/14\/2019\/10\/logo_green-2.png","width":361,"height":192,"caption":"Logo Zeitpolster"},{"@type":"BreadcrumbList","@id":"https:\/\/www.zeitpolster.com\/staging\/newsletter\/#breadcrumb","itemListElement":[{"@type":"ListItem","position":1,"name":"Startseite","item":"https:\/\/www.zeitpolster.com\/staging\/"},{"@type":"ListItem","position":2,"name":"Newsletter"}]},{"@type":"WebSite","@id":"https:\/\/www.zeitpolster.com\/staging\/#website","url":"https:\/\/www.zeitpolster.com\/staging\/","name":"Zeitpolster Staging","description":"Verein f\u00fcr Zeitvorsorge","publisher":{"@id":"https:\/\/www.zeitpolster.com\/staging\/#organization"},"potentialAction":[{"@type":"SearchAction","target":{"@type":"EntryPoint","urlTemplate":"https:\/\/www.zeitpolster.com\/staging\/?s={search_term_string}"},"query-input":{"@type":"PropertyValueSpecification","valueRequired":true,"valueName":"search_term_string"}}],"inLanguage":"de"},{"@type":"Organization","@id":"https:\/\/www.zeitpolster.com\/staging\/#organization","name":"Zeitpolster Staging","url":"https:\/\/www.zeitpolster.com\/staging\/","logo":{"@type":"ImageObject","inLanguage":"de","@id":"https:\/\/www.zeitpolster.com\/staging\/#\/schema\/logo\/image\/","url":"https:\/\/www.zeitpolster.com\/staging\/wp-content\/uploads\/sites\/14\/2019\/10\/logo_green-2.png","contentUrl":"https:\/\/www.zeitpolster.com\/staging\/wp-content\/uploads\/sites\/14\/2019\/10\/logo_green-2.png","width":361,"height":192,"caption":"Zeitpolster Staging"},"image":{"@id":"https:\/\/www.zeitpolster.com\/staging\/#\/schema\/logo\/image\/"}}]}},"featured_image_src":null,"featured_image_src_square":null,"uagb_featured_image_src":{"full":false,"thumbnail":false,"medium":false,"medium_large":false,"large":false,"1536x1536":false,"2048x2048":false,"gb-block-post-grid-landscape":false,"gb-block-post-grid-square":false,"woocommerce_thumbnail":false,"woocommerce_single":false,"woocommerce_gallery_thumbnail":false},"uagb_author_info":{"display_name":"wordpressadmin","author_link":"https:\/\/www.zeitpolster.com\/staging\/author\/wordpressadmin\/"},"uagb_comment_info":0,"uagb_excerpt":"Newsletter abonnieren Die Zeits\u00e4ule f\u00fcr die Altersvorsorge","_links":{"self":[{"href":"https:\/\/www.zeitpolster.com\/staging\/wp-json\/wp\/v2\/pages\/3053","targetHints":{"allow":["GET"]}}],"collection":[{"href":"https:\/\/www.zeitpolster.com\/staging\/wp-json\/wp\/v2\/pages"}],"about":[{"href":"https:\/\/www.zeitpolster.com\/staging\/wp-json\/wp\/v2\/types\/page"}],"author":[{"embeddable":true,"href":"https:\/\/www.zeitpolster.com\/staging\/wp-json\/wp\/v2\/users\/1"}],"replies":[{"embeddable":true,"href":"https:\/\/www.zeitpolster.com\/staging\/wp-json\/wp\/v2\/comments?post=3053"}],"version-history":[{"count":0,"href":"https:\/\/www.zeitpolster.com\/staging\/wp-json\/wp\/v2\/pages\/3053\/revisions"}],"wp:attachment":[{"href":"https:\/\/www.zeitpolster.com\/staging\/wp-json\/wp\/v2\/media?parent=3053"}],"curies":[{"name":"wp","href":"https:\/\/api.w.org\/{rel}","templated":true}]}}