{"version":"1.0","provider_name":"Zeitpolster Liechtenstein","provider_url":"https:\/\/www.zeitpolster.com\/li","author_name":"judith oehri","author_url":"https:\/\/www.zeitpolster.com\/li\/author\/judith-oehri\/","title":"Jahrmarkt in Vaduz - 2. Oktober 2021 - Zeitpolster Liechtenstein","type":"rich","width":600,"height":338,"html":"<blockquote class=\"wp-embedded-content\" data-secret=\"44PJYcDiSU\"><a href=\"https:\/\/www.zeitpolster.com\/li\/jahrmarkt-in-vaduz-2-oktober-2021\/\">Jahrmarkt in Vaduz &#8211; 2. Oktober 2021<\/a><\/blockquote><iframe sandbox=\"allow-scripts\" security=\"restricted\" src=\"https:\/\/www.zeitpolster.com\/li\/jahrmarkt-in-vaduz-2-oktober-2021\/embed\/#?secret=44PJYcDiSU\" width=\"600\" height=\"338\" title=\"&#8222;Jahrmarkt in Vaduz &#8211; 2. Oktober 2021&#8220; &#8211; Zeitpolster Liechtenstein\" data-secret=\"44PJYcDiSU\" frameborder=\"0\" marginwidth=\"0\" marginheight=\"0\" scrolling=\"no\" class=\"wp-embedded-content\"><\/iframe><script>\n\/*! This file is auto-generated *\/\n!function(d,l){\"use strict\";l.querySelector&&d.addEventListener&&\"undefined\"!=typeof URL&&(d.wp=d.wp||{},d.wp.receiveEmbedMessage||(d.wp.receiveEmbedMessage=function(e){var t=e.data;if((t||t.secret||t.message||t.value)&&!\/[^a-zA-Z0-9]\/.test(t.secret)){for(var s,r,n,a=l.querySelectorAll('iframe[data-secret=\"'+t.secret+'\"]'),o=l.querySelectorAll('blockquote[data-secret=\"'+t.secret+'\"]'),c=new RegExp(\"^https?:$\",\"i\"),i=0;i<o.length;i++)o[i].style.display=\"none\";for(i=0;i<a.length;i++)s=a[i],e.source===s.contentWindow&&(s.removeAttribute(\"style\"),\"height\"===t.message?(1e3<(r=parseInt(t.value,10))?r=1e3:~~r<200&&(r=200),s.height=r):\"link\"===t.message&&(r=new URL(s.getAttribute(\"src\")),n=new URL(t.value),c.test(n.protocol))&&n.host===r.host&&l.activeElement===s&&(d.top.location.href=t.value))}},d.addEventListener(\"message\",d.wp.receiveEmbedMessage,!1),l.addEventListener(\"DOMContentLoaded\",function(){for(var e,t,s=l.querySelectorAll(\"iframe.wp-embedded-content\"),r=0;r<s.length;r++)(t=(e=s[r]).getAttribute(\"data-secret\"))||(t=Math.random().toString(36).substring(2,12),e.src+=\"#?secret=\"+t,e.setAttribute(\"data-secret\",t)),e.contentWindow.postMessage({message:\"ready\",secret:t},\"*\")},!1)))}(window,document);\n\/\/# sourceURL=https:\/\/www.zeitpolster.com\/li\/wp-includes\/js\/wp-embed.min.js\n<\/script>\n","thumbnail_url":"https:\/\/www.zeitpolster.com\/li\/wp-content\/uploads\/sites\/17\/2021\/09\/Jahrmarkt-Vaduz.jpg","thumbnail_width":1086,"thumbnail_height":724,"description":"Endlich findet er wieder statt, der Jahrmarkt in Vaduz! Um die beh\u00f6rdlichen Vorgaben einhalten zu k\u00f6nnen, wurde die Fl\u00e4che ausgeweitet und zwischen den einzelnen St\u00e4nden gibt es mehr Abstand. Es wird auch eine Laufrichtung empfohlen, so dass es keinen Gegenverkehr geben sollte. Interessierte finden Zeitpolster am Stand 429 beim Postgeb\u00e4ude. Wir freuen uns auf euren [&hellip;]"}

Endlich findet er wieder statt, der Jahrmarkt in Vaduz! Um die behördlichen Vorgaben einhalten zu können, wurde die Fläche ausgeweitet und zwischen den einzelnen Ständen gibt es mehr Abstand. Es wird auch eine Laufrichtung empfohlen, so dass es keinen Gegenverkehr geben sollte. Interessierte finden Zeitpolster am Stand 429 beim Postgebäude. Wir freuen uns auf euren [&hellip;]
