{"version":"1.0","provider_name":"Zeitpolster Liechtenstein","provider_url":"https:\/\/www.zeitpolster.com\/li","author_name":"judith oehri","author_url":"https:\/\/www.zeitpolster.com\/li\/author\/judith-oehri\/","title":"Fahrdienst - neue Regelung ab 1.1.2024 - Zeitpolster Liechtenstein","type":"rich","width":600,"height":338,"html":"<blockquote class=\"wp-embedded-content\" data-secret=\"YyosEnhHbc\"><a href=\"https:\/\/www.zeitpolster.com\/li\/fahrdienst-neue-regelung-ab-1-1-2024\/\">Fahrdienst &#8211; neue Regelung ab 1.1.2024<\/a><\/blockquote><iframe sandbox=\"allow-scripts\" security=\"restricted\" src=\"https:\/\/www.zeitpolster.com\/li\/fahrdienst-neue-regelung-ab-1-1-2024\/embed\/#?secret=YyosEnhHbc\" width=\"600\" height=\"338\" title=\"&#8222;Fahrdienst &#8211; neue Regelung ab 1.1.2024&#8220; &#8211; Zeitpolster Liechtenstein\" data-secret=\"YyosEnhHbc\" frameborder=\"0\" marginwidth=\"0\" marginheight=\"0\" scrolling=\"no\" class=\"wp-embedded-content\"><\/iframe><script>\n\/*! This file is auto-generated *\/\n!function(d,l){\"use strict\";l.querySelector&&d.addEventListener&&\"undefined\"!=typeof URL&&(d.wp=d.wp||{},d.wp.receiveEmbedMessage||(d.wp.receiveEmbedMessage=function(e){var t=e.data;if((t||t.secret||t.message||t.value)&&!\/[^a-zA-Z0-9]\/.test(t.secret)){for(var s,r,n,a=l.querySelectorAll('iframe[data-secret=\"'+t.secret+'\"]'),o=l.querySelectorAll('blockquote[data-secret=\"'+t.secret+'\"]'),c=new RegExp(\"^https?:$\",\"i\"),i=0;i<o.length;i++)o[i].style.display=\"none\";for(i=0;i<a.length;i++)s=a[i],e.source===s.contentWindow&&(s.removeAttribute(\"style\"),\"height\"===t.message?(1e3<(r=parseInt(t.value,10))?r=1e3:~~r<200&&(r=200),s.height=r):\"link\"===t.message&&(r=new URL(s.getAttribute(\"src\")),n=new URL(t.value),c.test(n.protocol))&&n.host===r.host&&l.activeElement===s&&(d.top.location.href=t.value))}},d.addEventListener(\"message\",d.wp.receiveEmbedMessage,!1),l.addEventListener(\"DOMContentLoaded\",function(){for(var e,t,s=l.querySelectorAll(\"iframe.wp-embedded-content\"),r=0;r<s.length;r++)(t=(e=s[r]).getAttribute(\"data-secret\"))||(t=Math.random().toString(36).substring(2,12),e.src+=\"#?secret=\"+t,e.setAttribute(\"data-secret\",t)),e.contentWindow.postMessage({message:\"ready\",secret:t},\"*\")},!1)))}(window,document);\n\/\/# sourceURL=https:\/\/www.zeitpolster.com\/li\/wp-includes\/js\/wp-embed.min.js\n<\/script>\n","thumbnail_url":"https:\/\/www.zeitpolster.com\/li\/wp-content\/uploads\/sites\/17\/2023\/06\/2022-05-17-Fotoshooting-Verein-Zeitpolster-Alltagssituationen-Fahrdienst-0059.jpg","thumbnail_width":1024,"thumbnail_height":683,"description":"Die hohen Benzinkosten haben die Teammitglieder und auch den Vorstand in den letzten Monaten besch\u00e4ftigt. Insbesondere f\u00fcr l\u00e4ngere Fahrten zu einer regelm\u00e4ssigen Therapie (z.B. Chemotherapie) ist es schwierig, Fahrerinnen und Fahrer zu finden. Wir sind zum Schluss gekommen, dass wir die Praxis in diesem Bereich \u00e4ndern m\u00f6chten. Bisher wurde die Fahrzeit verdreifacht und man erhielt [&hellip;]"}

Die hohen Benzinkosten haben die Teammitglieder und auch den Vorstand in den letzten Monaten beschäftigt. Insbesondere für längere Fahrten zu einer regelmässigen Therapie (z.B. Chemotherapie) ist es schwierig, Fahrerinnen und Fahrer zu finden. Wir sind zum Schluss gekommen, dass wir die Praxis in diesem Bereich ändern möchten. Bisher wurde die Fahrzeit verdreifacht und man erhielt [&hellip;]
